est common divisor of q and 45?
45
Let x(j) = -j**3 + 3*j. Let b(z) = 3*z**3 - 22*z**2 - 2*z + 12. Let k(m) = b(m) + 2*x(m). Let d be k(22). What is the greatest common divisor of d and 25?
25
Let r(c) = -c**3 + 40*c**2 - 38*c + 86. Let y be r(39). Suppose 5*d - 220 + y = 0. What is the highest common factor of 133 and d?
19
Suppose -15*r + 99 = -12*r. Suppose -3*j = -i - 32, i - r = -2*j + 4*i. Let a be 2 + (j/(-12)*-4 - -345). What is the highest common factor of a and 50?
50
Let f be (-28)/(-10 - (-68)/7). What is the greatest common factor of f and 294?
98
Suppose 11*a - 142 = 2*r + 10*a, 3*r - 5*a + 213 = 0. Let p = r + 96. Let o = 403 - 203. Calculate the highest common divisor of o and p.
25
Let m be 240/(-9) - -27 - 16/(-6). Calculate the greatest common divisor of m and 109.
1
Suppose 5*p - 114 = -w, 3*w = -8*p + 6*p + 290. What is the highest common factor of 5358 and w?
94
Let w = 128 + -292. Let t = 223 + w. Calculate the highest common factor of t and 472.
59
Suppose -3*t = 31 - 46. Suppose -o + 5*r + 61 = 0, -t*o - 6*r + 197 = -4*r. Calculate the greatest common factor of 41 and o.
41
Let y be (-10 - (-26 + 10705))*(-1 + 0). Calculate the greatest common factor of y and 21.
21
Suppose -41 = -5*i + 69. Suppose -i*f + 16*f + 1410 = 0. Calculate the highest common factor of 47 and f.
47
Let i = -1036 - -1786. Let u = -717 + i. Calculate the highest common factor of u and 759.
33
Let m = -26 + 33. Suppose m*j - 340 = 6*j. Let x = -208 + j. Calculate the highest common divisor of x and 12.
12
Suppose 3*v - 189 = 4*r - 63, 2*v = r + 94. Calculate the greatest common divisor of 11 and v.
1
Let a be (9/(-4))/((-2)/(-24)). Let l be (1 + 24)*(5 + (-116)/20). Let r be l/45 + (-984)/a. Calculate the greatest common divisor of 48 and r.
12
Suppose -x - 19*k = -23*k + 68, x + 74 = -2*k. Let m = 138 - 42. Let d = m + x. Calculate the greatest common factor of d and 192.
24
Suppose 0 = 13*u + 3468 - 16353 + 132. Calculate the highest common divisor of 4687 and u.
109
Let x = -24090 + 24447. Suppose t = 5*i - 509, -4*i - 5*t = -4*t - 409. What is the highest common factor of i and x?
51
Let m(r) = 10*r**2 + 174*r - 58. Let j be m(-18). Let b = 58 + -33. Calculate the highest common factor of j and b.
25
Suppose 11*h - 162 - 36 = 0. What is the greatest common divisor of h and 2763?
9
Let q = -14008 - -19615. Calculate the greatest common divisor of q and 89.
89
Let x(t) = -14*t + 3. Let o(f) = 45*f - 10. Let j(u) = 4*o(u) + 14*x(u). Suppose -1 = k + 3. Let z be j(k). What is the highest common factor of 6 and z?
6
Suppose -3*m = -4*o, -7 = 2*o - 3*m - 1. Suppose -2*q = -o*q, 5*g - 1520 = 4*q. Calculate the highest common divisor of 76 and g.
76
Suppose -36*b + 139 = 64 - 33. Calculate the greatest common factor of 867 and b.
3
Let n(b) = b**3 - 13*b**2 + 2*b - 2. Let z be n(13). Suppose 0 = a + 4*a + 25, 0 = 4*k - 4*a - z. Calculate the highest common divisor of 37 and k.
1
Suppose 3*k + 50 = 5*y - 41, -5*k = -3*y + 61. Suppose -a + 14 + 25 = 5*v, 2*a - 5*v - 63 = 0. Calculate the greatest common factor of y and a.
17
Let n = 16060 - 16056. Calculate the greatest common factor of n and 13.
1
Suppose 0 = -5*j + 13*j - 616. Let b be (1 + -5)*9/(-9). Suppose 0 = 5*h - 5*q - 80, -3*h + 13 = b*q - 0*q. Calculate the greatest common factor of j and h.
11
Let y(f) = -13*f**3 + 277*f**2 + 13*f + 67. Let i be y(21). What is the highest common divisor of 136 and i?
8
Suppose 44*d = 67*d - 2231. Calculate the highest common factor of 1649 and d.
97
Suppose 1294 = 16*u + 6110. Let v = -298 - u. Calculate the greatest common divisor of 237 and v.
3
Let n(h) = 2*h**3 + 9*h**2 - 8. Suppose -2*g - 5 = -51. Suppose -18*i + g*i + 20 = 0. Let u be n(i). What is the highest common divisor of u and 4?
4
Suppose -90*s + 662 = 122. Let b = 26 - -22. What is the highest common divisor of b and s?
6
Let r be 35*(6/(-14) - -3). Suppose x = 3*x - r. Let d(c) = 22*c + 185. Let y be d(-8). Calculate the greatest common factor of y and x.
9
Suppose -5*m + 5637 + 10003 = 0. Suppose 37*o - m = 14*o. Calculate the greatest common factor of o and 51.
17
Suppose 0 = 5*f - 5*m - 395, 3*f - 5*m - 316 = -f. Let a be (-4)/24 - f/(-6). What is the greatest common factor of a and 65?
13
Let f(u) = -2*u**2 - 9*u + 6. Let g be f(-5). Let d be g - ((-8)/8 - -1). What is the highest common factor of d and 5?
1
Let w be 14/(-77) + (-3 - 497/(-11)). Calculate the highest common divisor of w and 987.
21
Let y be 193 - (1 + -2 + -1). Suppose -q = -6*q + y. Suppose 6*k - 54 - 102 = 0. What is the highest common factor of q and k?
13
Suppose 6 + 12 = 4*y + 2*c, 5*y = 5*c - 15. Suppose -14*z + y*z = -348. Suppose m + z = 30. Calculate the greatest common divisor of m and 16.
1
Let k = -48 + 26. Let q = -22 - k. Suppose q = v + 2, 73 = 5*j - v + 2*v. Calculate the highest common factor of 60 and j.
15
Let t(p) = -p**3 - 9*p**2 - 6*p - 5. Let q be t(-6). Let v = 100 + q. Suppose 4*s + 0*s - 12 = 0, -2*z = s - 95. Calculate the highest common factor of z and v.
23
Suppose 4*o - 79 = 3*o. Let d = -33 + o. Let y be (8 - 7)/((-3)/(2 - 347)). Calculate the greatest common factor of y and d.
23
Suppose -4*s - 3*s + 21 = 0. Let v(u) = -7 - 2*u**s + 5*u**2 + 9*u - 2*u**3 + 5*u**3 + 5*u**2. Let d be v(-7). Calculate the greatest common factor of d and 7.
7
Suppose -10*j + 1073 - 143 = 0. Let b be 4*3/(-14)*(-21)/6. Calculate the greatest common factor of b and j.
3
Let z = -11 - -61. Let h be -5 + z/6*33. What is the highest common factor of 30 and h?
30
Let c(x) = 997*x + 13084. Let u be c(-7). Calculate the highest common factor of u and 275.
55
Suppose -5*h = -73 + 48. Suppose 20 = t - h*v, 2*t - 18 = -t + v. Suppose -3*r + t*r = 72. What is the highest common factor of r and 4?
4
Suppose -62*j + 1008780 = 15*j + 15*j. Calculate the greatest common divisor of j and 255.
255
Let m(p) = 89*p**2 - 65*p - 84. Let z be m(4). What is the greatest common divisor of z and 4?
4
Let v = 2055 - 1995. What is the highest common divisor of 690 and v?
30
Let p(w) = -2*w**2 - 17*w + 2. Let g be p(-8). Let i be (-290)/((8/g)/((-2)/5)). Calculate the greatest common factor of i and 5.
5
Let g(f) = -29*f**3 - 65*f**2 - 357*f + 46. Let l be g(-6). What is the greatest common factor of 64 and l?
32
Let k be ((-231)/(-35))/11 + 19887/5. Calculate the highest common divisor of 68 and k.
34
Suppose 8*a = 4*a + u + 42, -69 = -5*a + 4*u. Let q be (3/6)/(1/6). Suppose -q*f = f - 3*s - 3, -3*s = -9. What is the greatest common divisor of a and f?
3
Suppose 14*i - 63 + 7 = 0. Suppose -i*k - 2*x = -604, 20*x + 165 = k + 17*x. Calculate the highest common factor of 18 and k.
9
Let d(m) = -4*m**2 + 7*m - 4. Let l(n) = n**2 - n. Let b(o) = -d(o) - 5*l(o). Let a be b(-6). Let g = 36 + a. What is the highest common divisor of g and 144?
16
Suppose 3*r = -5*z + 11704, -3*r - 9977 + 2993 = -3*z. What is the highest common divisor of z and 160?
32
Let s be 2/18 - (-1 - 94680/81). Suppose 0 = 2*v + 152 - s. Suppose -4*c - i = -387 - v, 2*c - i = 448. Calculate the highest common factor of c and 14.
14
Let v be ((-957)/(-9))/((-5)/(-15)). Let i be (v/6 - 2) + 3/(-18). Let d = -32 + i. Calculate the highest common divisor of 19 and d.
19
Let c = 111 - 108. Let q(l) = 0*l**2 - 4*l**2 - 7*l + c*l**3 - 12*l**3 - 4. Let m be q(-2). Calculate the highest common divisor of m and 44.
22
Let v be (-3 - -5) + 8/(-2). Let d be (0 - v)*4/1. Suppose -11 = 9*t - 155. Calculate the greatest common factor of d and t.
8
Let h(x) = -4*x**3 - 54*x**2 + 7*x + 67. Let a be h(-18). What is the highest common factor of 23 and a?
23
Let l(g) = 5*g**3 - 8*g**2 + 3*g - 4. Let t be l(-3). Let i = -206 - t. What is the greatest common divisor of i and 154?
14
Let q(o) = -3 + 7*o**2 + 6 - 2*o**3 - o - 5*o**2. Let g be q(-3). Let s be -1*-2*(5 + 2 - -19). Calculate the highest common factor of s and g.
26
Suppose -132*p + 85*p = -2162. Calculate the greatest common divisor of p and 598.
46
Let a(l) = -l**3 + 51*l**2 - 181*l - 323. Let z be a(47). What is the highest common factor of z and 211?
1
Let n be 624 - (4 - (-2 - -2)) - 4. Suppose -p = 2*b - 28, -5*p + 0*b + 140 = b. What is the highest common factor of n and p?
28
Let n = -138648 + 138728. Suppose -5*g - u + 